(-2)/(-3)). What is the hundreds digit of (-11376)/(-78) - (-4)/q?
1
Let u(j) = 172*j + 371. What is the hundreds digit of u(16)?
1
Suppose 0 = -19*u + 24*u - 1095. What is the tens digit of u?
1
What is the units digit of 77*12*6/(-16)*-6?
9
Let j(k) = 68*k + 328. What is the units digit of j(56)?
6
Let l(v) = -v**2 - 6*v + 4. Let x be l(0). What is the tens digit of (411/4)/((-70)/(-16) - x)?
7
Let m(z) be the second derivative of 119*z**3/6 + 7*z**2/2 - 43*z. What is the tens digit of m(2)?
4
Let y(n) = 3*n**2 - 1. Let u be y(1). Suppose u*v - 2 = v. Suppose 2*s = -v*s + 28. What is the units digit of s?
7
Suppose 5*t - 4*g + 35 = g, 2*t + 18 = 4*g. Let w be (-1254)/(-15) - (-3)/t. Let d = -21 + w. What is the tens digit of d?
6
Suppose 2*y + 2*y - h = 2, 3*h + 6 = -y. Let c be 3/(y - 2/(-12)). Let i = 30 - c. What is the units digit of i?
2
Let n(i) be the third derivative of -i**6/120 + i**5/60 - i**4/6 + 113*i**3/6 - 8*i**2. What is the hundreds digit of n(0)?
1
Let l(z) = 107*z**2 - 20*z - 38. What is the tens digit of l(-2)?
3
Let d be ((-6)/(-4))/(9/(-6)). Let a(i) = -174*i**3 - 2*i**2 + i + 2. What is the tens digit of a(d)?
7
Let y(z) = z**2 + z + 1. Let u = 0 - -5. Let a be y(u). Let m = a - 19. What is the units digit of m?
2
Suppose 43*r + 0*r - 5332 = 0. What is the tens digit of r?
2
What is the tens digit of (1 + -634)*4*(-10)/120?
1
What is the tens digit of (3/(-9))/(15/(-41085))?
1
Suppose -15*l = 2*i - 20*l - 8940, 4*l - 22284 = -5*i. What is the tens digit of i?
6
Let s(r) = -r**2 + 24*r - 132. What is the tens digit of s(13)?
1
Let f = -551 + 363. What is the units digit of f*(11/(-2) + 5)?
4
What is the tens digit of ((-10)/3)/(65/(-1638))?
8
Suppose 2*t + 100 = 4*w - t, -3*w - 4*t + 50 = 0. Suppose -f + 325 = -2*a - 0*f, -2*f = -a - 155. What is the units digit of a/w*(-2)/1?
5
Suppose -s + 3*y + 13 + 7 = 0, 0 = 5*s + 5*y. Suppose -501 + 1451 = 5*v - 5*a, -2*v - s*a = -352. What is the tens digit of v?
8
What is the units digit of 502 - ((12 - 4) + -7)?
1
Suppose -l = 3 - 13. What is the units digit of (12/l)/((-36)/(-2280))?
6
Suppose m - 21 = 2*p - 5*p, -3*p + 57 = 5*m. Suppose -474 = m*v - 12*v. What is the units digit of v?
8
Let m(b) = -6*b**2 + 8*b + 10. Let r(q) = -5*q**2 + 7*q + 9. Let l(o) = -4*m(o) + 5*r(o). Let u be l(4). Suppose -5*h + u = -4. What is the units digit of h?
1
What is the tens digit of -1*1*(-342 - (11 - 15))?
3
Suppose 0 = -56*b + 53*b + 36. What is the hundreds digit of 142/(-1)*-4*b/32?
2
What is the tens digit of ((-195)/117)/(5/(-18372))?
2
Let u = -6 + 11. Suppose 3*k + 3*r = 49 + 167, -u*k = -2*r - 339. Suppose -f + 4*f = k. What is the tens digit of f?
2
Suppose 12*b - 1797 - 975 = 0. What is the units digit of b?
1
Suppose -3046 = -10*r - 416. What is the hundreds digit of r?
2
Suppose 4*m + 263 = -m + l, 0 = -4*m - l - 205. What is the units digit of 13/(m/(-16)) - (-209 - 2)?
5
Suppose 5*o + b + 22 = 0, -4*o = 3*b + 3 + 8. What is the units digit of 141/15 - (-2)/o?
9
Suppose 2*z = 125*b - 121*b + 1366, 2*z - 3*b = 1368. What is the units digit of z?
7
Let w(j) = -8*j + 2*j**3 - 5 - j**3 + 15 - 5*j**2. Let z be w(6). What is the units digit of (-28)/(-7) - (z - 1)?
7
Let x(y) = -2*y + 39. Let f be x(19). What is the hundreds digit of ((219 - -6) + (-1)/1)/f?
2
Let h(n) = 4*n + 3. Suppose 10 = -2*k + 4*k. Let m be h(k). Suppose 4*y + 60 = 2*z, -z = -5*y - m - 13. What is the units digit of z?
6
Suppose 15 = -5*o, -3*o = b - 46 + 13. Let w be (-4)/((-8)/b) + 0. Suppose 0 = -w*h + 23*h - 40. What is the tens digit of h?
2
Suppose -488 = 6*r - 7*r. What is the hundreds digit of r?
4
Let n = -1285 + 2038. What is the hundreds digit of n?
7
Suppose 3*c = c + 2. Let j be (c + -1)/(5 + -4). Suppose -l = -2*b + 45, -2*b - 3*b - 4*l + 80 = j. What is the units digit of b?
0
Let w(d) = 21*d - 4. Let u(j) = j**2 + j - 1. Let a(h) = -u(h) + w(h). What is the tens digit of a(10)?
9
Suppose 0 = -2*y - 1566 + 2576. What is the units digit of y?
5
Let n(y) be the third derivative of -107*y**4/12 + 2*y**3/3 - 45*y**2. What is the units digit of n(-1)?
8
Suppose -5*k + 9*k = 80. Suppose 0 = 2*l - 46 - k. Let d = l + 26. What is the tens digit of d?
5
Let h(f) = 11*f**2 + 9*f - 17. Let k(w) = 6*w**2 + 5*w - 8. Let s(a) = 3*h(a) - 5*k(a). What is the tens digit of s(4)?
4
Suppose 2*f - 14 = -4, 0 = -4*u - 3*f + 607. Let m = u + -17. What is the units digit of m?
1
Let j be (-3 - -10) + 1 - 3. Suppose 0 = -r - 0*r + j. Suppose 0*i = -2*i - 2, -y - r*i = -13. What is the units digit of y?
8
Let h(v) = v**3 - 34*v**2 + 59*v + 63. What is the units digit of h(33)?
1
Let t = 4 + 24. Suppose -5*f = -4*h + t, 7*h - 5*f - 16 = 4*h. Suppose 5 + h = b. What is the tens digit of b?
1
Let n(b) = -b**3 - 11*b**2 + 3*b - 1. Let u = -25 - -13. Let k be n(u). Suppose -5*a + 199 = -4*r, 2*a + 13 - k = -2*r. What is the units digit of a?
3
Suppose 0 = -10*d + 22378 - 2448. What is the thousands digit of d?
1
Let j = -5 + 17. Let k be -2 + j + 2/(-1). What is the units digit of k - 5 - (-12 - -1)?
4
Let d(t) = 30*t**2 - 26*t - 72. What is the units digit of d(-8)?
6
Let a(q) = -q + 1. Let m(f) = -4*f - 2. Let p(s) = 3*a(s) - m(s). Let d be p(0). Suppose -d = 5*o - 2*r, -2*o - 3*r + 4 + 13 = 0. What is the units digit of o?
1
Let j(d) = 2*d**2 - 9*d - 29. Let i be 3/(((-3)/(-7))/((-8)/7)). What is the tens digit of j(i)?
7
Suppose h + 2*p = 2817, -4*h = p + 2*p - 11293. What is the hundreds digit of h?
8
Suppose 4*s - 733 - 1255 = 0. What is the units digit of s?
7
Suppose 39*o + 10740 = 51*o. What is the hundreds digit of o?
8
What is the thousands digit of (-13 + -1 - -6) + 2*1478?
2
Let o(y) = -y**3 - 8*y**2 + 11*y + 15. Let p be o(-9). Let b be p - -3 - (-8)/2. Suppose -b*u = -8*u + 140. What is the tens digit of u?
3
Let v be 3/(54/(-4)) + 770/(-18). Let d = v - -46. What is the units digit of d?
3
Suppose -f + 1773 = 4*t, -6*t + 3*t - 3*f = -1323. Let j = t - 243. What is the hundreds digit of j?
2
Suppose 13*g - 259 = 1301. What is the hundreds digit of g?
1
Suppose h = -h + 148. What is the hundreds digit of h/((-1)/6*-2)?
2
Suppose 13*d = d + 24. Suppose -494 = d*j - 4*j - a, 0 = -5*j - 2*a + 1236. What is the tens digit of j?
4
Let v be 0/(0 + -5)*1. Suppose 8*o - 9*o + 260 = v. What is the tens digit of o?
6
Suppose -19203 = 23*v - 95310. What is the hundreds digit of v?
3
Let q = 50 - 45. Suppose -r - 2*b + 83 = 0, 2*r - q*b - 260 = -r. What is the units digit of r?
5
Suppose q + 4*y = 4*q - 118, 5*y = 3*q - 113. Let a = 76 - q. What is the units digit of a?
0
Let m(j) = -2*j - 10. Let d be m(-6). Suppose 5*z + 9 = d*g, 2*z - 1 = g - 8. What is the units digit of g?
7
Suppose 3*n = s + 1396 - 415, 3*s = 3*n - 987. What is the tens digit of n?
2
Let h(x) = 58*x**2 - 22. What is the thousands digit of h(-8)?
3
Suppose 104*q - 148428 - 32532 = 0. What is the units digit of q?
0
Suppose 0 = -5*d + 466 + 504. Suppose 0 = -3*v - 23 + d. What is the tens digit of v?
5
Let i(c) = 6*c**2 + 40*c - 26. What is the hundreds digit of i(-15)?
7
Suppose 7*y - 18234 = -11*y. What is the thousands digit of y?
1
Let g = 23 + -23. What is the tens digit of 3/(-12 - g) - (-1902)/24?
7
Let h(o) = -o**2 - 4*o + 6. Let d be h(-5). Let t(x) = 0 + d - 9*x + 2 + x. What is the tens digit of t(-3)?
2
Suppose -m + 90 = -4*v, -m + 4*m + 3*v = 225. Suppose 156 = 3*k - 5*w, 0 = 4*k - 5*w - 130 - m. What is the tens digit of k?
5
Suppose 0 = 2*u + 8, 3*d + 28*u - 6590 = 30*u. What is the tens digit of d?
9
Suppose -7*j + 11*j + 32 = 0. Let i(w) = 3*w**2 + 16*w + 1. What is the tens digit of i(j)?
6
Let o = -72 + 79. Suppose -2*c + o*c - 770 = 0. What is the hundreds digit of c?
1
Suppose 4*b + 12 = -0*b. Let p be (b - -6) + (-1 - -2). Suppose -32 = -5*s + p*s. What is the tens digit of s?
3
Let i(u) = u - 1. Let j = 9 + -11. Let w(a) = a**3 - 9*a + 2. Let y(m) = j*i(m) - w(m). What is the units digit of y(-3)?
6
Suppose 0 = 2*j + 3*w - 93, j - 18 = 2*w + 11. Suppose 6*y = 111 + j. What is the tens digit of y?
2
What is the tens digit of ((-1038)/(-6))/(4/1 - 3)?
7
Let y be 18/63 - 108/(-14). Suppose -y*x + 0*x = -272. What is the tens digit of x?
3
Let s be (-1 - 1)/2 - 50. Let o = 85 + s. What is the units digit of o?
4
Let j = 11742 +